(-4).
-7
Let w(l) = 14*l - 100. What is w(6)?
-16
Let v(y) = -6*y + 16. Give v(6).
-20
Let c(p) = p**3 + 29*p**2 + 29*p - 18. What is c(-28)?
-46
Let w(f) = -6*f**3 - f. Determine w(-1).
7
Let z(c) = -c**2 + 6*c - 5. Determine z(5).
0
Let d(a) = -a**2 - 6*a + 19. Calculate d(-8).
3
Let b(a) = 2*a**2 + 15*a - 67. Determine b(3).
-4
Let a(p) = p**2 + 3*p - 2. Determine a(-3).
-2
Let k(m) = -m**3 - 7*m**2 + 5*m - 4. Determine k(-8).
20
Let m(f) = -8*f + 3. Determine m(5).
-37
Let y(d) = -d**3 - d**2 - d + 4. What is y(-2)?
10
Let i(l) = -3*l**3 + 39*l**2 - 3*l + 24. Give i(13).
-15
Let h(z) = -4*z**3 + 3*z - 2. What is h(1)?
-3
Let g(x) = 7*x + 23. Determine g(-4).
-5
Let a(n) = 137*n + 665. Determine a(-5).
-20
Let x(h) = -29*h + 23. Calculate x(1).
-6
Let w(y) = -6*y**3 + y**2 - y - 1. Determine w(-1).
7
Let p(v) = -v**3 + 13*v**2 + 33*v - 28. Determine p(15).
17
Let d(t) = t**2 + 13*t + 32. Give d(-3).
2
Let r(m) = -17*m - 782. Determine r(-46).
0
Let d(y) = y - 21. Give d(0).
-21
Let q(j) = 16*j + 224. What is q(-13)?
16
Let b(j) = -3*j**2 - 28*j + 149. Determine b(-13).
6
Let x(j) = j**2 - 9*j + 15. Determine x(8).
7
Let y(n) = -2*n**2 - 7*n + 45. What is y(4)?
-15
Let u(w) = -w + 1. Give u(-7).
8
Let x(l) = -l**2 - 12*l + 40. Calculate x(-15).
-5
Let u(z) = 2*z**3 + 7*z**2 - 17*z - 25. Determine u(-4).
27
Let f(w) = -w**3 - 13*w**2 + w + 3. What is f(-13)?
-10
Let g(l) = 2*l + 5. What is g(3)?
11
Let u(k) = 4*k + 14. Calculate u(-7).
-14
Let j(m) = -m + 9. Calculate j(6).
3
Let u(c) = 55*c - 540. What is u(10)?
10
Let u(j) = 3*j - 64. Determine u(19).
-7
Let f(a) = -a**2 - 3*a + 4. What is f(-2)?
6
Let s(c) = -c**3 + 12*c**2 - 17*c + 28. What is s(10)?
58
Let n(p) = -4*p - 2. What is n(-4)?
14
Let u(q) = -9*q - 26. Give u(0).
-26
Let z(b) = 6*b**2 - 3*b + 2. Determine z(1).
5
Let x(h) = -h**3 + 10*h**2 + 13*h - 10. Calculate x(11).
12
Let f(g) = -6*g - 3. Give f(-9).
51
Let x(n) = 50*n**2 + 4*n + 2. Calculate x(-1).
48
Let f(h) = -11*h**2 - 5*h + 23. Calculate f(3).
-91
Let z(m) = -3*m. What is z(5)?
-15
Let h(a) = 4*a - 22. What is h(7)?
6
Let g(q) = q**2 + 4*q + 7. Determine g(-3).
4
Let d(u) = u**2 - 33*u + 199. Determine d(24).
-17
Let r(i) = -i - 4. Determine r(0).
-4
Let a(l) = -176*l + 526. Determine a(3).
-2
Let q(y) = -2*y - 31. What is q(-5)?
-21
Let w(u) = u**2 - 8*u + 20. Give w(6).
8
Let v(d) = d**2 + 10*d - 24. Calculate v(-12).
0
Let i(j) = 33*j + 237. What is i(-7)?
6
Let x(p) = -21*p - 238. Calculate x(-11).
-7
Let h(j) = -30*j - 2. Determine h(0).
-2
Let n(p) = -3*p**2 - 68*p + 6. What is n(-24)?
-90
Let h(m) = -m**3 - 9*m**2. What is h(-9)?
0
Let p(x) = -2*x**3 - 5*x**2 - 3*x + 10. Give p(-3).
28
Let o(k) = k**2 - 11*k + 8. Give o(11).
8
Let n(s) = 3*s - 28. Calculate n(13).
11
Let v(q) = q**2 - 9*q + 22. Determine v(4).
2
Let z(q) = -4*q. What is z(4)?
-16
Let z(s) = s**3 - 11*s**2 - 8*s - 26. Determine z(12).
22
Let t(u) = 2*u**2 + 7*u + 3. Give t(-7).
52
Let n(z) = z**2 + 11*z + 8. Determine n(-5).
-22
Let f(n) = -n**2 + n + 69. Give f(9).
-3
Let n(z) = z**3 - 5*z**2 - z + 5. Calculate n(4).
-15
Let j(h) = 23*h**2 - h + 1. Give j(1).
23
Let a(w) = -22*w - 94. Determine a(-4).
-6
Let q(y) = -y**3 + 10*y**2 - 7*y - 6. Calculate q(9).
12
Let t(b) = -72*b + 360. Determine t(5).
0
Let v(h) = -h + 15. Give v(21).
-6
Let k(d) = -d**3 + d**2 + 3*d - 9. Determine k(5).
-94
Let u(s) = -2*s**3 + 4*s**2 - 4*s - 4. Calculate u(4).
-84
Let s(d) = -16*d**2 - 4*d + 3. Determine s(1).
-17
Let q(y) = -2*y + 21. What is q(-18)?
57
Let v(u) = u**2 - 11*u + 6. Determine v(8).
-18
Let b(l) = -8*l - 166. Determine b(-20).
-6
Let u(f) = -f**2 + 16*f + 163. What is u(23)?
2
Let i(l) = l**3 + 11*l**2 + 12*l + 22. Determine i(-10).
2
Let z(x) = 45*x + 475. Determine z(-11).
-20
Let h(i) = -2*i**3 - 3*i**2 - 2*i - 1. What is h(-3)?
32
Let n(o) = 2*o**2 + 33*o + 61. Give n(-16).
45
Let b(o) = -o**2 + 4*o + 25. Give b(7).
4
Let g(w) = w**2 + 14*w - 14. What is g(-15)?
1
Let c(m) = -7*m**3 + 7*m - 2. What is c(3)?
-170
Let d(i) = -4*i**2 - 3*i + 3. Determine d(-3).
-24
Let t(v) = v**3 - 5*v**2 - 3. Give t(5).
-3
Let y(o) = -7*o - 41. Determine y(-5).
-6
Let i(n) = 3*n + 4. Determine i(-7).
-17
Let a(h) = h**3 + 9*h**2 - 9*h + 7. Give a(-10).
-3
Let d(p) = -9*p - 10. Determine d(-4).
26
Let d(o) = 22*o + 12. Calculate d(-1).
-10
Let c(g) = g**3 + 27*g**2 + 184*g + 26. Calculate c(-14).
-2
Let w(b) = -b - 23. Give w(-13).
-10
Let k(y) = -y**2 + 9*y - 6. What is k(7)?
8
Let t(l) = -l**2 - 10*l + 16. Determine t(-11).
5
Let y(r) = -r**2 - 116*r - 665. Calculate y(-6).
-5
Let q(c) = c**3 - 7*c**2 + 8*c - 3. Give q(4).
-19
Let i(a) = 20*a + 107. Determine i(-6).
-13
Let a(s) = s**2 + 9*s + 11. Calculate a(-6).
-7
Let d(q) = 4*q - 39. What is d(21)?
45
Let n(d) = -d**3 - 16*d**2 + 15*d - 37. Determine n(-17).
-3
Let g(l) = l**2 - 6*l - 11. Determine g(7).
-4
Let o(s) = -2*s**3 + 12*s**2 + 3*s + 2. Calculate o(6).
20
Let c(j) = 2*j + 3. What is c(0)?
3
Let z(a) = -a**3 + 7*a**2 + 2*a + 1. Give z(5).
61
Let d(x) = x**3 - 2*x**2 + 4*x - 2. What is d(2)?
6
Let u(d) = -d**2 + 10*d + 43. What is u(14)?
-13
Let u(j) = -8*j - 49. Give u(10).
-129
Let u(y) = -y**2 - 16*y - 11. Calculate u(-10).
49
Let a(q) = -2*q**2 - 1. Give a(-1).
-3
Let j(m) = -m**3 + 6*m**2 - 3. Give j(6).
-3
Let f(j) = -3*j**3 + 16*j**2 + 8*j + 20. Calculate f(6).
-4
Let p(l) = -2*l**3 + 6*l**2 - l + 2. Determine p(4).
-34
Let z(n) = 5*n**2 - 3. Give z(-1).
2
Let x(v) = -2*v + 23. Determine x(9).
5
Let o(z) = 3*z - 2. Calculate o(-8).
-26
Let g(i) = -i**3 + 6*i**2 + 8*i - 3. Give g(7).
4
Let k(x) = -24*x**3 + x**2 + 4*x + 3. Calculate k(-1).
24
Let u(c) = -3*c + 1. Give u(6).
-17
Let l(u) = -49*u**2 + 4*u - 4. Give l(1).
-49
Let g(i) = -i**2 + 11*i - 25. Calculate g(3).
-1
Let p(x) = -x**3 - 20*x**2 - 22*x - 63. Determine p(-19).
-6
Let s(l) = -l**3 + 11*l**2 - l + 11. Calculate s(11).
0
Let d(v) = v**3 + 22*v**2 + 23*v + 32. What is d(-21)?
-10
Let g(d) = -d**3 - 6*d**2 + 4*d - 2. Determine g(-7).
19
Let m(g) = -14*g - 4. Calculate m(-1).
10
Let w(r) = -3*r + 11. What is w(-10)?
41
Let c(l) = l**3 + 15*l**2 + 16*l + 33. What is c(-14)?
5
Let s(v) = 5*v + 80. Calculate s(-12).
20
Let u(t) = -t**3 - 11*t**2 - 12*t + 2. Give u(-9).
-52
Let o(r) = 53*r - 107. Calculate o(2).
-1
Let s(r) = -r**3 - 10*r**2 - 10*r + 7. Calculate s(-9).
16
Let o(i) = -4*i - 21. What is o(-5)?
-1
Let o(c) = 4*c**2 + 16*c + 16. Determine o(-4).
16
Let u(r) = -r**3 + 2*r**2 + 3. Give u(2).
3
Let n(z) = 4*z**3 + 3*z**2 + z + 2. Give n(-2).
-20
Let a(o) = 9*o - 30. Determine a(2).
-12
Let a(p) = p**2 - 7*p - 6. Calculate a(9).
12
Let x(h) = h**3 + 4*h - 6. Calculate x(0).
-6
Let y(l) = -116*l + 1048. What is y(9)?
4
Let s(r) = -r**3 + 12*r**2 - 10*r - 5. Determine s(11).
6
Let l(p) = p**2 - 5*p - 59. Calculate l(-6).
7
Let r(j) = j**3 + 4*j**2 - 9*j - 3. What is r(4)?
89
Let w(g) = -2*g + 32. Give w(12).
8
Let s(f) = -5*f**2 - 3*f - 5. Calculate s(-1).
-7
Let f(l) = 53*l + 414. Give f(-8).
-10
Let m(q) = q + 19. What is m(-13)?
6
Let k(f) = 2*f**2 - 10*f - 2. Determine k(7).
26
Let k(b) = -b**3 - 5*b**2 - 12*b - 12. Determine k(-3).
6
Let t(p) = -p**2 - 4*p + 80. What is t(-10)?
20
Let p(n) = -103*n + 70. What is p(1)?
-33
Let v(l) = -l**3 + 10*l**2 - 45*l + 442. What is v(10)?
-8
Let d(q) = q**2 - 18*q + 51. What is d(12)?
-21
Let x(r) = -r - 51. What is x(9)?
-60
Let w(o) = o**2 - 7*o - 3. What is w(8)?
5
Let w(c) = c**3 - 6*c**2 - 4. What is w(5)?
-29
Let s(z) = z**2 + 7*z - 17. What is s(3)?
13
Let u(l) = -l**2 - 2*l - 1. Give u(-3).
-4
Let w(f) = f**3 - 6*f**2 - 7*f + 4. Give w(7).
4
Let m(t) = -2*t - 1. Give m(13).
-27
Let k(y) = -y**3 - 8*y**2 - 9*y + 17. What is k(-6)?
-1
Let w(b) = -b - 20. Calculate w(-5).
-15
Let h(g) = -g**3 - 2*g**2 + 22*g + 7. What is h(4)?
-1
Let l(p) = -2*p**3 + 7*p**2 + 2*p - 10. Give l(3).
5
Let d(b) = b**3 - 21*b**2 - 22*b + 32. What is d(22)?
32
Let d(m) = 8*m**3 + m**2 - 2*m + 1. Determine d(1).
8
Let h(t) = -t**2 - 11*t - 15. Give h(-8).
9
Let x(i) = -6*i - 22. Calculate x(-6).
14
Let c(q) = 9*q**3 + 2*q - 1. Determine c(1).
10
Let w(l) = l**2 - 3*l - 2. What is w(-2)?
8
Let m(x) = 9*x + 31. Calculate m(-4).
-5
Let u(y) = 8*y - 4. Determine u(5).
36
Let k(j) = 106*j - 21. Give k